 5, what is -324 - -23234241?
23233412
In base 7, what is 61646122 + -5?
61646114
In base 4, what is 203032012002 + 11?
203032012013
In base 12, what is 288587a + -4?
2885876
In base 4, what is -12332 + 3223033002?
3223020010
In base 3, what is -20101210 + 100122122?
10020212
In base 16, what is -27 + -2cfab?
-2cfd2
In base 12, what is 1339 + -6780?
-5443
In base 5, what is 234434 - 2401?
232033
In base 16, what is 3 + -1844be9?
-1844be6
In base 8, what is -5725205 + 1?
-5725204
In base 9, what is 24786564 - 5?
24786558
In base 6, what is 24141132 - -1?
24141133
In base 4, what is -231 + 221301311?
221301020
In base 3, what is -1111 + -21221012111221?
-21221012120102
In base 2, what is -110100001 + -1010010100101010000?
-1010010101011110001
In base 14, what is 1b3d10 - 399?
1b3955
In base 3, what is 11 + 10102112210222?
10102112211010
In base 11, what is -a4a56433 - -5?
-a4a56429
In base 6, what is -2354535322 + 2?
-2354535320
In base 3, what is 2211 + -2122200201?
-2122120220
In base 5, what is 104220004010 + 10?
104220004020
In base 8, what is 326734612 + -34?
326734556
In base 13, what is -1b487 - 305?
-1b78c
In base 2, what is 10000000000101 - -1001101100011100?
1011101100100001
In base 2, what is 101010101110010 - 1101110110?
101000111111100
In base 16, what is 8801a + -1?
88019
In base 5, what is -14203 + -31413210?
-31432413
In base 10, what is 25 - 402132?
-402107
In base 3, what is 12 + 2120020221111121?
2120020221111210
In base 13, what is 1 - -94500b?
94500c
In base 7, what is 1054401 + 54?
1054455
In base 4, what is 10311 - -113133302?
113210213
In base 3, what is 10022 + -20001200212200?
-20001200202101
In base 8, what is -665717430 - 2?
-665717432
In base 5, what is 12324 - -11101?
23430
In base 16, what is 15 + 51161?
51176
In base 13, what is -8051 + 1c02?
-614c
In base 10, what is -7 + -56366969?
-56366976
In base 5, what is 20431131 - -301?
20431432
In base 5, what is 124 + 1302031244?
1302031423
In base 3, what is -121012022100122012 - -1?
-121012022100122011
In base 7, what is 4 + 556103362?
556103366
In base 5, what is 14 + -23412124441?
-23412124422
In base 2, what is 110011101101001 - 101010100?
110011000010101
In base 12, what is 24886 + -49b7?
1ba8b
In base 14, what is -4 + -2437918?
-243791c
In base 12, what is -417895bb - -2?
-417895b9
In base 16, what is -82 + 708c?
700a
In base 4, what is -21130 + 112022?
30232
In base 8, what is 5 - 300637?
-300632
In base 7, what is -52045024 - 21?
-52045045
In base 6, what is -150555 - 142?
-151141
In base 8, what is 3 + -33577534?
-33577531
In base 2, what is -1 - 111000011100101011101101111?
-111000011100101011101110000
In base 9, what is 34635856 + 6?
34635863
In base 2, what is 101 + 1011010101011110100001?
1011010101011110100110
In base 11, what is 4 - -746648?
746651
In base 6, what is 1023 + 53541343?
53542410
In base 5, what is -3332 + 3031214?
3022332
In base 10, what is 980133 + -19?
980114
In base 7, what is 332613 + -50?
332533
In base 5, what is -110230 - 311302?
-422032
In base 7, what is 3006261 - 1013?
3005245
In base 12, what is 97 - 255981?
-2558a6
In base 14, what is 28a7 - 13ba6?
-112dd
In base 10, what is 4 - -9304461?
9304465
In base 13, what is -5c4469 + -193?
-5c462c
In base 9, what is 1 - -28467281?
28467282
In base 3, what is -12121 - 1220111001210?
-1220111021101
In base 3, what is -1002 - 2102011012100121?
-2102011012101200
In base 5, what is 1343 + 10332412?
10334310
In base 10, what is -2 - -218433?
218431
In base 5, what is -312 - 34431214?
-34432031
In base 2, what is 110101111110000100101100101 - 101?
110101111110000100101100000
In base 9, what is -33 + 3504670?
3504636
In base 13, what is -15c5 + -2b76?
-446b
In base 7, what is 1630041641 - -11?
1630041652
In base 10, what is -9 - 41194083?
-41194092
In base 2, what is -10011010100001010 + -1010011?
-10011010101011101
In base 10, what is 394421 - -889?
395310
In base 4, what is 11023031122310 + 10?
11023031122320
In base 7, what is 65653460 - -3?
65653463
In base 15, what is 0 - 5699c6?
-5699c6
In base 7, what is 4 + 2343134100?
2343134104
In base 9, what is 22420377 - 6?
22420371
In base 12, what is 1354 + -b844?
-a4b0
In base 3, what is 0 + -1202210201120210?
-1202210201120210
In base 3, what is -102 - -10002221020?
10002220211
In base 15, what is 0 + 646104?
646104
In base 10, what is 61 + 123544?
123605
In base 2, what is -101111111011101000110010101 - 10?
-101111111011101000110010111
In base 7, what is 345541 + 532?
346403
In base 14, what is -23a39c2 + -12?
-23a39d4
In base 7, what is 104 - -2441356?
2441463
In base 16, what is 68 + -293bcc?
-293b64
In base 11, what is -2470962 - -1?
-2470961
In base 7, what is 4131 - 102335?
-65204
In base 11, what is 23 + -5a45a0?
-5a4578
In base 7, what is 34033015 - 11?
34033004
In base 8, what is 26157336 - 1?
26157335
In base 13, what is -146cb12 - 7?
-146cb19
In base 12, what is -15 + -302296?
-3022ab
In base 4, what is 2011333323311330 - 3?
2011333323311321
In base 10, what is -93281 - -39?
-93242
In base 12, what is 0 + -18076468?
-18076468
In base 5, what is 11111223 + 220?
11111443
In base 10, what is 3479334 + 5?
3479339
In base 11, what is 39091 - 125?
38a67
In base 6, what is -1 + 225324044?
225324043
In base 15, what is -2c - 3d42b6?
-3d42e3
In base 15, what is -c3d3426 + 5?
-c3d3421
In base 8, what is -1647227 - 21?
-1647250
In base 16, what is -5c2942 - b?
-5c294d
In base 4, what is 322322233 - 2133?
322320100
In base 14, what is 1c - -73c3cb?
73c409
In base 6, what is -5 - -113004250?
113004241
In base 16, what is -22bf + 16c?
-2153
In base 2, what is 10011110110011001110 - -1?
10011110110011001111
In base 13, what is c0 + -63c3c?
-63b4c
In base 10, what is 187053 - -49?
187102
In base 10, what is 57043 + -1307?
55736
In base 16, what is 587a36d + 5?
587a372
In base 3, what is -222 - -102222222020202?
102222222012210
In base 15, what is -3 - -52003db?
52003d8
In base 11, what is -4707794 + 4?
-4707790
In base 8, what is -3212250 + 51?
-3212177
In base 7, what is 3460403513 + 4?
3460403520
In base 9, what is 5 - -82656588?
82656604
In base 16, what is -9f19f + 30?
-9f16f
In base 12, what is -3413 - 1b501?
-22914
In base 9, what is -1137 + -1254405?
-1255543
In base 9, what is -2 + 210848460?
210848457
In base 14, what is -47313 - 15?
-47328
In base 12, what is 3 - 32080974?
-32080971
In base 3, what is 220202111011100 - -12?
220202111011112
In base 10, what is 2 + -780687?
-780685
In base 2, what is 110110100100010110 - -1111111?
110110100110010101
In base 3, what is 1 + 200001001221111?
200001001221112
In base 6, what is -120113031 + 2404?
-120110223
In base 4, what is -132312 - -11111300?
10312322
In base 2, what is 10001011100010011110001 - 11?
10001011100010011101110
In base 15, what is 5e375 - -3d?
5e3b3
In base 10, what is 554 - 825139?
-824585
In base 12, what is -28b054b + 46?
-28b0505
In base 13, what is 106 + 49113?
49219
In base 3, what is -2220110111 - -102221?
-2220000120
In base 15, what is 3 - -2ac5c5?
2ac5c8
In base 4, what is 1103 - 1033030311?
-1033023202
In base 2, what is 1111101000011111101010110100 + 101?
1111101000011111101010111001
In base 12, what is 1b84bb34 - 2?
1b84bb32
In base 15, what is 592 - -353d?
3ad0
In base 2, what is 11 - 101101111111011111110?
-101101111111011111011
In base 4, what is -2213231223130 + -3?
-2213231223133
In base 9, what is -4228245 - -332?
-4227813
In base 13, what is 698278 - -8?
698283
In base 13, what is 5432c7 - 6?
5432c1
In base 7, what is 60 + -11432033?
-11431643
In base 5, what is -11432 - 10213442?
-10230424
In base 6, what is -342153343411 - 3?
-342153343414
In base 10, what is -7305917 - 2?
-7305919
In base 14, what is -c4 + 1553?
146d
In base 6, what is 2053 + -224231?
-222134
In base 5, what is 24 + 11344231020?
11344231044
In base 9, what is 1 - -267161133?
267161134
In base 7, what is 2 + 302521441?
302521443
In base 11, what is 5 + 779753a?
7797544
In base 2, what is -100011100100011111 - -100010?
-100011100011111101
In base 12, what is -9989 - 296?
-a063
In base 3, what is 2212 + -1122100020211?
-1122100010222
In base 16, what is -134f1 - 1b4?
-136a5
In base 9, what is 441307 + 2375?
443683
In base 5, what is 11221 + 11204441?
11221212
In base 10, what is 671044018